{"id":1247,"date":"2016-08-03T10:59:35","date_gmt":"2016-08-03T10:59:35","guid":{"rendered":"http:\/\/demo.teslathemes.com\/daylight\/?page_id=8"},"modified":"2017-03-01T08:55:54","modified_gmt":"2017-03-01T08:55:54","slug":"inicio","status":"publish","type":"page","link":"https:\/\/explora2.es\/camper-4x4-camperizacion\/","title":{"rendered":"Inicio"},"content":{"rendered":"<p>[vc_row full_width=\u00bbstretch_row_content_no_spaces\u00bb css=\u00bb.vc_custom_1470227810007{margin-bottom: 0px !important;}\u00bb][vc_column][rev_slider_vc alias=\u00bbportada-explora2&#8243; el_class=\u00bbno-margin\u00bb][\/vc_column][\/vc_row][vc_row full_width=\u00bbstretch_row\u00bb css=\u00bb.vc_custom_1486725663195{margin-top: 0px !important;margin-bottom: 0px !important;border-top-width: 0px !important;border-bottom-width: 0px !important;padding-top: 0px !important;padding-bottom: 0px !important;background-color: #33679a !important;}\u00bb][vc_column][vc_column_text css=\u00bb.vc_custom_1486720093958{margin-top: 0px !important;margin-bottom: 0px !important;border-top-width: 0px !important;border-bottom-width: 0px !important;padding-top: 12px !important;padding-bottom: 12px !important;}\u00bb]<\/p>\n<h1 style=\"text-align: center;\"><span style=\"color: #f2f2f2;\">Camper y Camperizaci\u00f3n de Veh\u00edculos todoterreno 4&#215;4 y camiones<br \/>\n<\/span><\/h1>\n<p>[\/vc_column_text][\/vc_column][\/vc_row][vc_row full_width=\u00bbstretch_row\u00bb css=\u00bb.vc_custom_1488358361435{background-image: url(https:\/\/explora2.es\/camper-4&#215;4-camperizacion\/wp-content\/uploads\/2016\/08\/vehiculos-camperizados-.jpg?id=1640) !important;background-position: center !important;background-repeat: no-repeat !important;background-size: cover !important;}\u00bb el_class=\u00bbovh\u00bb][vc_column][vc_column_text css=\u00bb.vc_custom_1486723573696{padding-top: 50px !important;}\u00bb]<\/p>\n<h2 style=\"text-align: center;\">Nuestra filosof\u00eda.<\/h2>\n<h3 style=\"text-align: justify;\">El dise\u00f1o, fabricaci\u00f3n y equipamiento de un camper 4&#215;4 o de una c\u00e9lula vivienda no puede ser algo estandarizado y ha de hacerse en el m\u00e1s absoluto cumplimiento de la normativa de homologaci\u00f3n de veh\u00edculos, para circular tranquilo, sin ning\u00fan tipo de restricciones, preocup\u00e1ndose \u00fanicamente del destino al que queremos llegar.<\/h3>\n<p>[\/vc_column_text][\/vc_column][vc_column el_class=\u00bbno-padding\u00bb][vc_row_inner el_class=\u00bbvc-row-fit\u00bb][vc_column_inner width=\u00bb1\/2&#8243; offset=\u00bbvc_col-xs-12&#8243;][tt_service icon_fontawesome=\u00bbfa fa-cogs\u00bb title=\u00bbEn eXplora2&#8243; subtext=\u00bbnuestro objetivo primordial es adaptarnos a las necesidades de cada proyecto, dedic\u00e1ndole el tiempo y esfuerzo que se merece para realizar una preparaci\u00f3n a medida de la m\u00e1xima calidad.\u00bb color_icon=\u00bb#95c11f\u00bb text_color=\u00bb#ffffff\u00bb][tt_service icon_fontawesome=\u00bbfa fa-road\u00bb title=\u00bbEl veh\u00edculo base\u00bb subtext=\u00bbSu futuro propietario, el tipo de viaje que se pretende hacer, o incluso n\u00famero de pasajeros que lo ocupar\u00e1n, condicionan notablemente la preparaci\u00f3n y cada veh\u00edculo ha de ser dise\u00f1ado desde el inicio en base a esas premisas.\u00bb color_icon=\u00bb#95c11f\u00bb text_color=\u00bb#ffffff\u00bb][tt_service icon_fontawesome=\u00bbfa fa-check-square-o\u00bb title=\u00bbLa durabilidad y robustez\u00bb subtext=\u00bbDe los materiales empleados, son muy importantes principalmente cuando hablamos de una preparaci\u00f3n camper o una c\u00e9lula vivienda para un veh\u00edculo 4&#215;4, pero no por ello ha de olvidarse otros factores como la habitabilidad, practicidad del equipamiento o ligereza del conjunto.\u00bb color_icon=\u00bb#95c11f\u00bb text_color=\u00bb#ffffff\u00bb][\/vc_column_inner][vc_column_inner width=\u00bb1\/2&#8243; offset=\u00bbvc_col-xs-4 vc_hidden-xs\u00bb][vc_single_image image=\u00bb1494&#8243; img_size=\u00bbfull\u00bb alignment=\u00bbright\u00bb css=\u00bb.vc_custom_1486722717914{margin-bottom: -192px !important;}\u00bb][\/vc_column_inner][\/vc_row_inner][\/vc_column][\/vc_row][vc_row full_width=\u00bbstretch_row\u00bb css=\u00bb.vc_custom_1486725768456{margin-top: 0px !important;margin-bottom: 0px !important;border-top-width: 0px !important;border-bottom-width: 0px !important;padding-top: 0px !important;padding-bottom: 0px !important;background-color: #33679a !important;}\u00bb][vc_column][vc_column_text css=\u00bb.vc_custom_1486720589876{margin-top: 0px !important;margin-bottom: 0px !important;border-top-width: 0px !important;border-bottom-width: 0px !important;padding-top: 12px !important;padding-bottom: 12px !important;}\u00bb]<\/p>\n<h1 style=\"text-align: center;\"><span style=\"color: #f2f2f2;\">\u00a0\u00bf Como lo hacemos ?<br \/>\n<\/span><\/h1>\n<p>[\/vc_column_text][\/vc_column][\/vc_row][vc_row full_width=\u00bbstretch_row\u00bb parallax=\u00bbcontent-moving-fade\u00bb parallax_image=\u00bb1535&#8243; parallax_speed_bg=\u00bb1.7&#8243; css=\u00bb.vc_custom_1486987895527{padding-top: 100px !important;padding-bottom: 100px !important;background-position: center;background-repeat: no-repeat !important;background-size: cover !important;}\u00bb el_class=\u00bbovh\u00bb][vc_column width=\u00bb1\/3&#8243; offset=\u00bbvc_col-xs-12&#8243;][vc_column_text]<\/p>\n<p style=\"text-align: justify;\"><span style=\"color: #000000;\">La fabricaci\u00f3n es completamente unitaria y artesanal, pero con un nivel de acabado impecable. Esto permite al cliente escoger entre un sinf\u00edn de opciones del equipamiento camper totalmente personalizables..<\/span><\/p>\n<ul>\n<li style=\"text-align: justify;\"><span style=\"color: #000000;\">Dimensiones y formas de la c\u00e9lula vivienda.<\/span><\/li>\n<li style=\"text-align: justify;\"><span style=\"color: #000000;\">Elecci\u00f3n de material y grosor de los paneles.<\/span><\/li>\n<li style=\"text-align: justify;\"><span style=\"color: #000000;\">El tipo de cerramientos o ventanas.<\/span><\/li>\n<li style=\"text-align: justify;\"><span style=\"color: #000000;\">Colores del mobiliario o tipo de tapizado.<\/span><\/li>\n<\/ul>\n<p>[\/vc_column_text][vc_empty_space height=\u00bb20px\u00bb][rev_slider_vc alias=\u00bbcons-int\u00bb][\/vc_column][vc_column width=\u00bb2\/3&#8243; offset=\u00bbvc_col-xs-12&#8243;][rev_slider_vc alias=\u00bbcons-ext\u00bb][vc_empty_space height=\u00bb20px\u00bb][vc_column_text]<\/p>\n<p style=\"text-align: justify;\"><span style=\"color: #000000;\">El dise\u00f1o CAD, el corte laser de piezas y refuerzos, la galvanizaci\u00f3n en caliente o \u00a0zincado electrol\u00edtico de piezas met\u00e1licas, son algunas de las soluciones t\u00e9cnicas que utilizamos en nuestros trabajos.<\/span><\/p>\n<p style=\"text-align: justify;\"><span style=\"color: #000000;\">La construcci\u00f3n de una\u00a0 c\u00e9lula vivienda puede realizarse en una amplia variedad de:<\/span><\/p>\n<ul>\n<li style=\"text-align: justify;\"><span style=\"color: #000000;\">Materiales.<\/span><\/li>\n<li style=\"text-align: justify;\"><span style=\"color: #000000;\">Acabados.<\/span><\/li>\n<li style=\"text-align: justify;\"><span style=\"color: #000000;\">Colores.<\/span><\/li>\n<li style=\"text-align: justify;\"><span style=\"color: #000000;\">Aislamientos.<\/span><\/li>\n<li style=\"text-align: justify;\"><span style=\"color: #000000;\">Pieles de poli\u00e9ster.<\/span><\/li>\n<\/ul>\n<p>[\/vc_column_text][\/vc_column][\/vc_row][vc_row full_width=\u00bbstretch_row\u00bb css=\u00bb.vc_custom_1486725788108{margin-top: 0px !important;margin-bottom: 0px !important;border-top-width: 0px !important;border-bottom-width: 0px !important;padding-top: 0px !important;padding-bottom: 0px !important;background-color: #33679a !important;}\u00bb][vc_column][vc_column_text css=\u00bb.vc_custom_1486720734445{margin-top: 0px !important;margin-bottom: 0px !important;border-top-width: 0px !important;border-bottom-width: 0px !important;padding-top: 12px !important;padding-bottom: 12px !important;}\u00bb]<\/p>\n<h1 style=\"text-align: center;\"><span style=\"color: #f2f2f2;\">\u00a0Contacta con nosotros<br \/>\n<\/span><\/h1>\n<p>[\/vc_column_text][\/vc_column][\/vc_row][vc_row full_width=\u00bbstretch_row\u00bb css=\u00bb.vc_custom_1486629772438{background-color: #f2f2f2 !important;}\u00bb][vc_column][vc_empty_space height=\u00bb50px\u00bb][vc_column_text]<\/p>\n<h1 style=\"text-align: center;\"><span style=\"color: #000000;\">eXplora2 Camper Equipment.<\/span><\/h1>\n<h2 style=\"text-align: center;\"><span style=\"color: #000000;\">C\/ Camino de las Hormigueras, 165 bis Nave 6 28031 Madrid.<\/span><\/h2>\n<h2 style=\"text-align: center;\"><span style=\"color: #000000;\">Tel\u00e9fono: 616 061 016<\/span><\/h2>\n<h2 style=\"text-align: center;\"><span style=\"color: #000000;\">Mail: <span style=\"color: #0000ff;\"><a style=\"color: #0000ff;\" href=\"mailto:explora2@explora2.es\">explora2@explora2.es<\/a><\/span><\/span><\/h2>\n<p>[\/vc_column_text][vc_row_inner][vc_column_inner width=\u00bb1\/2&#8243;][vc_gmaps link=\u00bb#E-8_JTNDaWZyYW1lJTIwc3JjJTNEJTIyaHR0cHMlM0ElMkYlMkZ3d3cuZ29vZ2xlLmNvbSUyRm1hcHMlMkZlbWJlZCUzRnBiJTNEJTIxMW0xOCUyMTFtMTIlMjExbTMlMjExZDE4MDcuMjYxNjM4OTQ1ODAzMyUyMTJkLTMuNjM2MzQxODAwNzQwMjg1NSUyMTNkNDAuMzc2OTQ3MTk2OTU3OTYlMjEybTMlMjExZjAlMjEyZjAlMjEzZjAlMjEzbTIlMjExaTEwMjQlMjEyaTc2OCUyMTRmMTMuMSUyMTNtMyUyMTFtMiUyMTFzMHhkNDIyNWIzODFlYmQ0NDElMjUzQTB4ZDhhN2MyMjViNWRkYmM4ZCUyMTJzZVhwbG9yYTIlMkJDYW1wZXIlMkJFcXVpcG1lbnQlMjE1ZTAlMjEzbTIlMjExc2VzJTIxMnNlcyUyMTR2MTQ4NjYzMDA3ODAyNiUyMiUyMHdpZHRoJTNEJTIyNjAwJTIyJTIwaGVpZ2h0JTNEJTIyNDUwJTIyJTIwZnJhbWVib3JkZXIlM0QlMjIwJTIyJTIwc3R5bGUlM0QlMjJib3JkZXIlM0EwJTIyJTIwYWxsb3dmdWxsc2NyZWVuJTNFJTNDJTJGaWZyYW1lJTNF\u00bb size=\u00bbstandar\u00bb][\/vc_column_inner][vc_column_inner width=\u00bb1\/2&#8243;]<script type=\"text\/javascript\">\nvar gform;gform||(document.addEventListener(\"gform_main_scripts_loaded\",function(){gform.scriptsLoaded=!0}),document.addEventListener(\"gform\/theme\/scripts_loaded\",function(){gform.themeScriptsLoaded=!0}),window.addEventListener(\"DOMContentLoaded\",function(){gform.domLoaded=!0}),gform={domLoaded:!1,scriptsLoaded:!1,themeScriptsLoaded:!1,isFormEditor:()=>\"function\"==typeof InitializeEditor,callIfLoaded:function(o){return!(!gform.domLoaded||!gform.scriptsLoaded||!gform.themeScriptsLoaded&&!gform.isFormEditor()||(gform.isFormEditor()&&console.warn(\"The use of gform.initializeOnLoaded() is deprecated in the form editor context and will be removed in Gravity Forms 3.1.\"),o(),0))},initializeOnLoaded:function(o){gform.callIfLoaded(o)||(document.addEventListener(\"gform_main_scripts_loaded\",()=>{gform.scriptsLoaded=!0,gform.callIfLoaded(o)}),document.addEventListener(\"gform\/theme\/scripts_loaded\",()=>{gform.themeScriptsLoaded=!0,gform.callIfLoaded(o)}),window.addEventListener(\"DOMContentLoaded\",()=>{gform.domLoaded=!0,gform.callIfLoaded(o)}))},hooks:{action:{},filter:{}},addAction:function(o,r,e,t){gform.addHook(\"action\",o,r,e,t)},addFilter:function(o,r,e,t){gform.addHook(\"filter\",o,r,e,t)},doAction:function(o){gform.doHook(\"action\",o,arguments)},applyFilters:function(o){return gform.doHook(\"filter\",o,arguments)},removeAction:function(o,r){gform.removeHook(\"action\",o,r)},removeFilter:function(o,r,e){gform.removeHook(\"filter\",o,r,e)},addHook:function(o,r,e,t,n){null==gform.hooks[o][r]&&(gform.hooks[o][r]=[]);var d=gform.hooks[o][r];null==n&&(n=r+\"_\"+d.length),gform.hooks[o][r].push({tag:n,callable:e,priority:t=null==t?10:t})},doHook:function(r,o,e){var t;if(e=Array.prototype.slice.call(e,1),null!=gform.hooks[r][o]&&((o=gform.hooks[r][o]).sort(function(o,r){return o.priority-r.priority}),o.forEach(function(o){\"function\"!=typeof(t=o.callable)&&(t=window[t]),\"action\"==r?t.apply(null,e):e[0]=t.apply(null,e)})),\"filter\"==r)return e[0]},removeHook:function(o,r,t,n){var e;null!=gform.hooks[o][r]&&(e=(e=gform.hooks[o][r]).filter(function(o,r,e){return!!(null!=n&&n!=o.tag||null!=t&&t!=o.priority)}),gform.hooks[o][r]=e)}});\n<\/script>\n\n                <div class='gf_browser_gecko gform_wrapper gform_legacy_markup_wrapper gform-theme--no-framework' data-form-theme='legacy' data-form-index='0' id='gform_wrapper_1' ><form method='post' enctype='multipart\/form-data'  id='gform_1'  action='\/camper-4x4-camperizacion\/wp-json\/wp\/v2\/pages\/1247' data-formid='1' novalidate>\n                        <div class='gform-body gform_body'><ul id='gform_fields_1' class='gform_fields top_label form_sublabel_below description_below validation_below'><li id=\"field_1_1\" class=\"gfield gfield--type-text gf_left_half gfield_contains_required field_sublabel_below gfield--no-description field_description_below field_validation_below gfield_visibility_visible\"  ><label class='gfield_label gform-field-label' for='input_1_1'>Nombre<span class=\"gfield_required\"><span class=\"gfield_required gfield_required_asterisk\">*<\/span><\/span><\/label><div class='ginput_container ginput_container_text'><input name='input_1' id='input_1_1' type='text' value='' class='medium'     aria-required=\"true\" aria-invalid=\"false\"   \/><\/div><\/li><li id=\"field_1_2\" class=\"gfield gfield--type-text gf_right_half field_sublabel_below gfield--no-description field_description_below field_validation_below gfield_visibility_visible\"  ><label class='gfield_label gform-field-label' for='input_1_2'>Apellidos<\/label><div class='ginput_container ginput_container_text'><input name='input_2' id='input_1_2' type='text' value='' class='medium'      aria-invalid=\"false\"   \/><\/div><\/li><li id=\"field_1_3\" class=\"gfield gfield--type-phone gf_left_half gfield_contains_required field_sublabel_below gfield--no-description field_description_below field_validation_below gfield_visibility_visible\"  ><label class='gfield_label gform-field-label' for='input_1_3'>Tel\u00e9fono<span class=\"gfield_required\"><span class=\"gfield_required gfield_required_asterisk\">*<\/span><\/span><\/label><div class='ginput_container ginput_container_phone'><input name='input_3' id='input_1_3' type='tel' value='' class='medium'   aria-required=\"true\" aria-invalid=\"false\"   \/><\/div><\/li><li id=\"field_1_4\" class=\"gfield gfield--type-email gf_right_half gfield_contains_required field_sublabel_below gfield--no-description field_description_below field_validation_below gfield_visibility_visible\"  ><label class='gfield_label gform-field-label' for='input_1_4'>Email<span class=\"gfield_required\"><span class=\"gfield_required gfield_required_asterisk\">*<\/span><\/span><\/label><div class='ginput_container ginput_container_email'>\n                            <input name='input_4' id='input_1_4' type='email' value='' class='medium'    aria-required=\"true\" aria-invalid=\"false\"  \/>\n                        <\/div><\/li><li id=\"field_1_5\" class=\"gfield gfield--type-textarea field_sublabel_below gfield--no-description field_description_below field_validation_below gfield_visibility_visible\"  ><label class='gfield_label gform-field-label' for='input_1_5'>Comentario<\/label><div class='ginput_container ginput_container_textarea'><textarea name='input_5' id='input_1_5' class='textarea medium'      aria-invalid=\"false\"   rows='10' cols='50'><\/textarea><\/div><\/li><\/ul><\/div>\n        <div class='gform-footer gform_footer top_label'> <input type='submit' id='gform_submit_button_1' class='gform_button button' onclick='gform.submission.handleButtonClick(this);' data-submission-type='submit' value='Enviar'  \/> \n            <input type='hidden' class='gform_hidden' name='gform_submission_method' data-js='gform_submission_method_1' value='postback' \/>\n            <input type='hidden' class='gform_hidden' name='gform_theme' data-js='gform_theme_1' id='gform_theme_1' value='legacy' \/>\n            <input type='hidden' class='gform_hidden' name='gform_style_settings' data-js='gform_style_settings_1' id='gform_style_settings_1' value='[]' \/>\n            <input type='hidden' class='gform_hidden' name='is_submit_1' value='1' \/>\n            <input type='hidden' class='gform_hidden' name='gform_submit' value='1' \/>\n            \n            <input type='hidden' class='gform_hidden' name='gform_currency' data-currency='USD' value='2txvLraGzK0p6h8a7k9fEDr9BiGpKX61JVqKkPKTreuF\/AEJsycb8ZQB9WNd1+e5D3tqqJIJ7EvMap71+F4t0VGLH+gUi2Uya5ZuIp78m7KBvFg=' \/>\n            <input type='hidden' class='gform_hidden' name='gform_unique_id' value='' \/>\n            <input type='hidden' class='gform_hidden' name='state_1' value='WyJbXSIsIjAwOGI1NDcxZWNmMTdkODQxMjgxMWFmZTI4NTkzMDFiIl0=' \/>\n            <input type='hidden' autocomplete='off' class='gform_hidden' name='gform_target_page_number_1' id='gform_target_page_number_1' value='0' \/>\n            <input type='hidden' autocomplete='off' class='gform_hidden' name='gform_source_page_number_1' id='gform_source_page_number_1' value='1' \/>\n            <input type='hidden' name='gform_field_values' value='' \/>\n            \n        <\/div>\n                        <\/form>\n                        <\/div><script type=\"text\/javascript\">\ngform.initializeOnLoaded( function() {gformInitSpinner( 1, 'https:\/\/explora2.es\/camper-4x4-camperizacion\/wp-content\/plugins\/gravityforms\/images\/spinner.svg', true );jQuery('#gform_ajax_frame_1').on('load',function(){var contents = jQuery(this).contents().find('*').html();var is_postback = contents.indexOf('GF_AJAX_POSTBACK') >= 0;if(!is_postback){return;}var form_content = jQuery(this).contents().find('#gform_wrapper_1');var is_confirmation = jQuery(this).contents().find('#gform_confirmation_wrapper_1').length > 0;var is_redirect = contents.indexOf('gformRedirect(){') >= 0;var is_form = form_content.length > 0 && ! is_redirect && ! is_confirmation;var mt = parseInt(jQuery('html').css('margin-top'), 10) + parseInt(jQuery('body').css('margin-top'), 10) + 100;if(is_form){jQuery('#gform_wrapper_1').html(form_content.html());if(form_content.hasClass('gform_validation_error')){jQuery('#gform_wrapper_1').addClass('gform_validation_error');} else {jQuery('#gform_wrapper_1').removeClass('gform_validation_error');}setTimeout( function() { \/* delay the scroll by 50 milliseconds to fix a bug in chrome *\/  }, 50 );if(window['gformInitDatepicker']) {gformInitDatepicker();}if(window['gformInitPriceFields']) {gformInitPriceFields();}var current_page = jQuery('#gform_source_page_number_1').val();gformInitSpinner( 1, 'https:\/\/explora2.es\/camper-4x4-camperizacion\/wp-content\/plugins\/gravityforms\/images\/spinner.svg', true );jQuery(document).trigger('gform_page_loaded', [1, current_page]);window['gf_submitting_1'] = false;}else if(!is_redirect){var confirmation_content = jQuery(this).contents().find('.GF_AJAX_POSTBACK').html();if(!confirmation_content){confirmation_content = contents;}jQuery('#gform_wrapper_1').replaceWith(confirmation_content);jQuery(document).trigger('gform_confirmation_loaded', [1]);window['gf_submitting_1'] = false;wp.a11y.speak(jQuery('#gform_confirmation_message_1').text());}else{jQuery('#gform_1').append(contents);if(window['gformRedirect']) {gformRedirect();}}jQuery(document).trigger(\"gform_pre_post_render\", [{ formId: \"1\", currentPage: \"current_page\", abort: function() { this.preventDefault(); } }]);        if (event && event.defaultPrevented) {                return;        }        const gformWrapperDiv = document.getElementById( \"gform_wrapper_1\" );        if ( gformWrapperDiv ) {            const visibilitySpan = document.createElement( \"span\" );            visibilitySpan.id = \"gform_visibility_test_1\";            gformWrapperDiv.insertAdjacentElement( \"afterend\", visibilitySpan );        }        const visibilityTestDiv = document.getElementById( \"gform_visibility_test_1\" );        let postRenderFired = false;        function triggerPostRender() {            if ( postRenderFired ) {                return;            }            postRenderFired = true;            gform.core.triggerPostRenderEvents( 1, current_page );            if ( visibilityTestDiv ) {                visibilityTestDiv.parentNode.removeChild( visibilityTestDiv );            }        }        function debounce( func, wait, immediate ) {            var timeout;            return function() {                var context = this, args = arguments;                var later = function() {                    timeout = null;                    if ( !immediate ) func.apply( context, args );                };                var callNow = immediate && !timeout;                clearTimeout( timeout );                timeout = setTimeout( later, wait );                if ( callNow ) func.apply( context, args );            };        }        const debouncedTriggerPostRender = debounce( function() {            triggerPostRender();        }, 200 );        if ( visibilityTestDiv && visibilityTestDiv.offsetParent === null ) {            const observer = new MutationObserver( ( mutations ) => {                mutations.forEach( ( mutation ) => {                    if ( mutation.type === 'attributes' && visibilityTestDiv.offsetParent !== null ) {                        debouncedTriggerPostRender();                        observer.disconnect();                    }                });            });            observer.observe( document.body, {                attributes: true,                childList: false,                subtree: true,                attributeFilter: [ 'style', 'class' ],            });        } else {            triggerPostRender();        }    } );} );\n<\/script>\n[\/vc_column_inner][\/vc_row_inner][vc_empty_space height=\u00bb50px\u00bb][\/vc_column][\/vc_row]<\/p>\n","protected":false},"excerpt":{"rendered":"<p>[vc_row full_width=\u00bbstretch_row_content_no_spaces\u00bb css=\u00bb.vc_custom_1470227810007{margin-bottom: 0px !important;}\u00bb][vc_column][rev_slider_vc alias=\u00bbportada-explora2&#8243; el_class=\u00bbno-margin\u00bb][\/vc_column][\/vc_row][vc_row full_width=\u00bbstretch_row\u00bb css=\u00bb.vc_custom_1486725663195{margin-top: 0px !important;margin-bottom: 0px !important;border-top-width: 0px !important;border-bottom-width: 0px !important;padding-top: 0px !important;padding-bottom: 0px !important;background-color: #33679a !important;}\u00bb][vc_column][vc_column_text css=\u00bb.vc_custom_1486720093958{margin-top: 0px !important;margin-bottom: 0px !important;border-top-width: 0px !important;border-bottom-width: 0px !important;padding-top: 12px !important;padding-bottom: 12px !important;}\u00bb] Camper y Camperizaci\u00f3n de Veh\u00edculos todoterreno 4&#215;4 y camiones [\/vc_column_text][\/vc_column][\/vc_row][vc_row full_width=\u00bbstretch_row\u00bb css=\u00bb.vc_custom_1488358361435{background-image: url(https:\/\/explora2.es\/camper-4&#215;4-camperizacion\/wp-content\/uploads\/2016\/08\/vehiculos-camperizados-.jpg?id=1640) !important;background-position: center !important;background-repeat: no-repeat !important;background-size: cover [&hellip;]<\/p>\n","protected":false},"author":1,"featured_media":0,"parent":0,"menu_order":0,"comment_status":"closed","ping_status":"closed","template":"","meta":[],"_links":{"self":[{"href":"https:\/\/explora2.es\/camper-4x4-camperizacion\/wp-json\/wp\/v2\/pages\/1247"}],"collection":[{"href":"https:\/\/explora2.es\/camper-4x4-camperizacion\/wp-json\/wp\/v2\/pages"}],"about":[{"href":"https:\/\/explora2.es\/camper-4x4-camperizacion\/wp-json\/wp\/v2\/types\/page"}],"author":[{"embeddable":true,"href":"https:\/\/explora2.es\/camper-4x4-camperizacion\/wp-json\/wp\/v2\/users\/1"}],"replies":[{"embeddable":true,"href":"https:\/\/explora2.es\/camper-4x4-camperizacion\/wp-json\/wp\/v2\/comments?post=1247"}],"version-history":[{"count":0,"href":"https:\/\/explora2.es\/camper-4x4-camperizacion\/wp-json\/wp\/v2\/pages\/1247\/revisions"}],"wp:attachment":[{"href":"https:\/\/explora2.es\/camper-4x4-camperizacion\/wp-json\/wp\/v2\/media?parent=1247"}],"curies":[{"name":"wp","href":"https:\/\/api.w.org\/{rel}","templated":true}]}}